 -2*g - 405. What is the hundreds digit of z?
4
Suppose 110*g - 109*g - 30283 = -5*u, -3*u - 3*g = -18177. What is the units digit of u?
6
Let h(y) = 590*y**2 - 5*y + 2. Suppose -2*q + 0*q + 10 = 2*u, 0 = -2*u - 3*q + 14. What is the tens digit of h(u)?
8
Suppose 0 = -3*x - 3*y + 31971, 6*y - 21318 = 10*x - 12*x. What is the hundreds digit of x?
6
Suppose 182*c - 2495476 = 1402964. What is the units digit of c?
0
Let l(s) = 12*s**2 + 28*s - 18. Suppose 3*u = -48 + 66. What is the units digit of l(u)?
2
Suppose p - 5 = 2*g - 3, 2*p + 5 = -5*g. Suppose -4*f - w + 510 = 0, p*f - 3*f + 2*w = -388. What is the units digit of f?
8
Suppose 0 = -2*z + 23 - 37. Let q(a) = 5*a**2 - 17. What is the hundreds digit of q(z)?
2
Suppose 10*j - 28 = 72. Suppose a = g, -2*a = a + 2*g + j. What is the tens digit of (144/4)/(a/(-3))?
5
Suppose -1269*d - 332276 = -1273*d. What is the tens digit of d?
6
Let s(y) = y**2 - 26*y - 5. Let a be s(15). What is the units digit of ((-174)/(-145))/((-2)/a)?
2
What is the hundreds digit of ((-48)/21)/(10/(-43085))?
8
Let u(a) = -a**2 + 52*a + 776. Let z be u(-13). Suppose 0 = -2*d + 4*x + 8, -44 = 3*d + d + 4*x. Let l = d - z. What is the tens digit of l?
6
Let p be (7205/20)/(-11)*16*-1. Let c = 774 - p. What is the tens digit of c?
5
Let i be 2/(-3) + 200/12. Let z(j) = j**3 - 15*j**2 - 30*j - 70. Let d be z(17). Let n = i - d. What is the tens digit of n?
1
Let p be (-9)/12 - 378/(-56). Let y(h) be the first derivative of 2*h**3/3 + 2*h**2 + 8*h + 2. What is the tens digit of y(p)?
0
Let x(p) = 12*p**2 + 20*p + 149. What is the hundreds digit of x(-28)?
9
Let x(a) = 21679*a**2 - 41*a + 42. What is the hundreds digit of x(1)?
6
Let j(v) = 68*v + 5. Let w be j(0). Suppose -5*i - 3*m = -5155, -w*i + 9*m = 5*m - 5155. What is the hundreds digit of i?
0
Suppose -1188*a = -1100*a - 3887840. What is the hundreds digit of a?
1
Suppose 4*y + 8 + 0 = 0. Let d(u) = u**3 + 2*u**2 + 5*u + 2. Let x be d(y). Let j(r) = r**3 + 8*r**2 - 8*r + 8. What is the tens digit of j(x)?
7
Let h = -32020 - -45260. What is the thousands digit of h?
3
Suppose 11*r + 6458 = 3*q + 9*r, -14*r - 2046 = -q. What is the tens digit of q?
5
Suppose 5*p = -5*b + 2070, -5*b - 16 = -b. Suppose 574*a - 572*a = p. What is the units digit of a?
9
Let j = -32188 - -48738. What is the hundreds digit of j?
5
Let u = -365 - -371. What is the tens digit of ((-7918)/37)/((-8)/u - -1)?
4
Suppose 5*r - 3*b + 7 = 0, -5*b - 13 = 3*r + r. Let t be (7 + -11)/(-2*(r - -1)). What is the units digit of (-4)/(-18) + t/((-18)/1339)?
9
Suppose 0 = 4*r - 8, 5*w + 8*r - 12*r = -48. Let q(x) = 19*x**2 + 19*x + 130. What is the tens digit of q(w)?
9
Let c = 20180 - 2285. What is the hundreds digit of c?
8
Let v(z) = -4269*z + 2681. What is the hundreds digit of v(-2)?
2
Suppose 0 = 4*q + 5*h - 523 - 14, q - 5*h - 128 = 0. Suppose -15*p + 317 = -q. What is the tens digit of p?
3
Let h = 1870 + -1866. Let l(y) = 12*y**3 - 5*y + 6. Let i be l(4). Suppose h*n - 2*q - i = 0, 26 = -n + 4*q + 218. What is the units digit of n?
8
Let b = -6805 - -20618. What is the hundreds digit of b?
8
Let n(x) = -5*x - 20. Let o(d) = d**3 + 15*d**2 - 2*d - 30. Let z be o(-15). Let f be (1 + z + -3)*4. What is the tens digit of n(f)?
2
Let b = 84 + -83. Suppose 3*y = 2*h + b, 3*h - 2*y = h. What is the tens digit of ((-11 - -4)/(-7))/(h/51)?
5
Suppose -138*r - 18*r = -884676. What is the hundreds digit of r?
6
Suppose -2*o = -g + 2*g + 239, -4*o - 3*g = 481. Let b = -246 - o. Let q = b - -251. What is the units digit of q?
3
Let w(j) = j**3 - 28*j**2 + 34*j + 10. Let q be w(27). Suppose 2*l = -1 + q. What is the tens digit of l?
9
Let r(k) be the first derivative of 47*k**2/2 + 5*k + 107. What is the hundreds digit of r(14)?
6
Let f(b) = 143*b + 173. Let j be f(12). Let i = j - 593. What is the tens digit of i?
9
Let c = 323 - -55. Suppose -2*o + 5*h - 242 = o, -5*o + 2*h - c = 0. Let x = -38 - o. What is the tens digit of x?
3
Let d = -129 + 185. Let y = -126 + d. Let c = y - -134. What is the units digit of c?
4
Let a = 93 - 57. Suppose 3*q = 2*q + a. Suppose 546 + q = 6*c. What is the units digit of c?
7
Suppose b - 2593 = -11*b + 182711. What is the thousands digit of b?
5
Let f(s) = 83*s - 2502. What is the tens digit of f(56)?
4
Let n(l) = 10*l**3 + 7*l**2 - 19*l + 82. Let d be n(6). Suppose 3*j = 3*z + d + 863, 5*j + z - 5405 = 0. What is the units digit of j?
1
Let z(g) = 8*g - 98. Let d be z(12). Let h(j) = -5*j**3 - 4*j**2 - 4*j. What is the units digit of h(d)?
2
Let r(d) = -2*d + 295. Let l be r(0). Let i(c) = -5 - 208*c - 138*c + l*c. What is the tens digit of i(-3)?
4
Suppose 0 = 7*l - 1 + 8. Let p be 6*l/2*-1. Suppose -f + 268 = p*f - i, 5*i = 0. What is the tens digit of f?
6
Let h be 12/21 - (-4)/42*-27. What is the tens digit of 11/44*(-1912)/h?
3
Let m be 341/5 - -3 - 3/15. What is the units digit of m + -2 + 2 + -5?
6
Let q be ((-1 - -3 - 5) + -2)*-1. Suppose 5*m - 7*r + 46 = -3*r, q*m = 3*r - 42. What is the units digit of 3 - -43 - (-6 - m)?
6
Suppose 0 = 3*x - 782 + 803. Let t(g) = -9*g - 48. What is the tens digit of t(x)?
1
Let a(j) = j + 14. Let g be a(-3). Suppose -v + 16 = -g. Suppose -4*m + 31 + 5 = 4*h, v = 2*m + 5*h. What is the units digit of m?
6
Suppose 13*r - 183210 + 14782 = 0. What is the units digit of r?
6
Let p be (-26)/52*(-1)/(-1)*-18. Suppose 0*n = -p*n. Suppose n = 4*s - 2*s + 2*x - 432, -x - 214 = -s. What is the units digit of s?
5
Let g = -21537 + 50308. What is the hundreds digit of g?
7
Let g be (-5574)/(-15) - (-27)/(-45). Let j = 66 - 64. Suppose j*t + 2*t = 3*m - 368, -3*m + t = -g. What is the hundreds digit of m?
1
Let l(d) be the second derivative of -d**4/12 - d**3 + 13*d**2/2 + d. Let b be l(-7). Suppose 0 = -2*m - b*m + 568. What is the units digit of m?
1
Suppose -5*q = 4*f - 153, -q - 2*f - f + 35 = 0. Let g = q - 25. Suppose 28 - 116 = -g*n. What is the units digit of n?
2
Suppose -2316651 - 671189 = -160*q. What is the hundreds digit of q?
6
What is the units digit of -1 + -2779*12/(-9)*(-63)/(-147)?
7
Let x be (-46)/4*(8 - -658 - 2). What is the tens digit of 6/(-10) + x/(-10)?
6
Let i = 124510 + -69717. What is the thousands digit of i?
4
Suppose 8 = 7*s - 6. Suppose 2 = 2*o, -2*o = -0*f - f + s. Suppose 0*m - f*m - 3*n + 4 = 0, -3 = -3*m + 4*n. What is the units digit of m?
1
Let b = 82 + -128. Let c = -6 - b. What is the tens digit of 7/(28/c) - (-2 + 2)?
1
Suppose -8*o - 8499 + 3616 = -43923. What is the thousands digit of o?
4
Suppose 14096 = -13*b - 11566. Suppose 0*p - p = 5*x - 391, 5*p - 1985 = 5*x. What is the units digit of (1/1)/(5 + b/p)?
6
Let m = 19673 - 10242. What is the thousands digit of m?
9
Let q(c) = -3*c**2 - 6*c + 24. Let v be q(8). Let a = v - -431. What is the units digit of a?
5
Let o(m) = -2507*m - 8381. What is the units digit of o(-12)?
3
Let v(w) be the third derivative of -w**6/120 + w**5/4 + w**4/8 - 11*w**3/2 + 3*w**2 + 4. What is the tens digit of v(15)?
1
Let c(m) = -m**2 - 41*m + 2154. What is the hundreds digit of c(-47)?
8
Let l(q) = q**2 - 11*q + 26. Let x = 20 + -19. Suppose 0 = 5*r + 2*f - 74, r = -f - 4*f + x. What is the hundreds digit of l(r)?
1
What is the ten thousands digit of 8*5*(-228481)/(-440)?
2
Suppose 135*w - 137*w = -19558. What is the units digit of w?
9
Let m = 9146 + -4775. What is the thousands digit of m?
4
Let l be 1*(-4)/((-16)/(-76)). What is the tens digit of (-132)/36*(l - -1)?
6
Suppose 0 = -5*r - 0*r. Suppose -5*k + 231 + 744 = r. Suppose -z + 3*i + k = 0, -630 = -4*z + 3*i + 195. What is the units digit of z?
0
Suppose -12*x = 39 - 1551. What is the tens digit of (8364/119)/(-4*(-3)/x)?
3
Let q(o) = 11*o**2 + 20*o + 4. Suppose 2*m + 4*c + 3 = -9, 5 = 5*c. What is the tens digit of q(m)?
4
Let w(r) = 11*r**2 - 2*r + 25. Let j be w(11). Suppose -12*b + j - 458 = 0. What is the tens digit of b?
7
Let g be (8929 + 1)*20/40 - -4. Suppose 5134 + g = 11*t. What is the hundreds digit of t?
8
Suppose -10 = -5*h - 2*d, 2*h - 3 = -2*d + d. Suppose l - 5*i - 367 = 0, 0 = h*l + l - 3*i - 1945. Let s = -278 + l. What is the tens digit of s?
1
Suppose -6 = -0*r - 3*r. Let h = -1 + r. What is the tens digit of (-1 + 2)*31 - (h - 2)?
3
Let b = -801 - -818. Suppose 8*o + 8676 = b*o. What is t